 be i(2). What is the highest common divisor of 144 and b?
36
Let j be (-2 + 4/(-10))*(-2805)/102. Let v = j - -96. What is the highest common factor of 36 and v?
18
Let s(v) = v**2 - 466*v + 2485. Let a be s(0). What is the highest common factor of 105 and a?
35
Suppose 33*r - 34*r + 297 = 0. Let q be -1 + (32 - (8 + (0 - 4))). What is the greatest common factor of r and q?
27
Let b = 9 + 13. Let j(g) = -g**3 - 11*g**2 - 43*g - 471. Let t be j(-11). What is the highest common factor of b and t?
2
Suppose 0 = -3*l - 5*p + 3*p + 19, l + 4*p = 13. Suppose -x + l*f = 1, 4*x + x - 3*f - 39 = 0. What is the highest common divisor of x and 9?
9
Let j(h) = 2*h**2 - 3*h - 2. Let d = 19 - 25. Let s be j(d). Let f be (-3)/(27/(-126)) + -6. What is the highest common divisor of s and f?
8
Let h(m) = -7*m - 31. Let q = 232 - 238. Let b be h(q). What is the highest common factor of b and 11?
11
Let k be 9/27 + (-2)/(-3) + -1. Suppose k = -3*x + 641 + 70. Calculate the greatest common factor of x and 79.
79
Let v be 153634/234 - ((-20)/(-45))/(-1). What is the greatest common divisor of v and 6?
3
Let t(c) = 5*c**2 + 38*c + 832. Let a be t(-15). Calculate the greatest common divisor of 19 and a.
19
Let k = -7271 + 11001. Calculate the highest common factor of 10 and k.
10
Let h = -135 + -7. Let x = 144 + h. What is the highest common divisor of 16 and x?
2
Suppose 5*d - 620 = 5*y, -11*y + 10*y + 632 = 5*d. Calculate the highest common factor of d and 35.
7
Let f be (5 - 3) + (-21)/10 - (-1407636)/360. Calculate the greatest common factor of f and 46.
46
Suppose -3*w = f - 10, w + f + 22 = 6*w. Suppose 0 = -w*b + 4*v + 144, -3*b - v + 10 = -90. Let r = -280 - -382. Calculate the highest common factor of r and b.
34
Let s(v) = -v**2 + 15*v + 93. Let x be s(23). Let r = 93 + x. What is the highest common factor of r and 46?
2
Let b(f) = -39*f**2 - 892*f - 83. Let s be b(-22). What is the highest common divisor of 7847 and s?
133
Suppose 5*i = -4*u + 65 + 97, i - 38 = 2*u. Calculate the highest common divisor of 16 and i.
2
Suppose 0 = -987*d + 985*d - 3*m + 98, -5*d = 5*m - 250. Calculate the greatest common divisor of 12038 and d.
26
Suppose 20 = g - 5*k, -2*g - 4*k - 5 = -3. Suppose -6*b - 73 = -595. Suppose -g*r = d - b, 4*d = -4*r + 20 + 56. What is the highest common divisor of 85 and r?
17
Let b = 93 + -93. Suppose 7*j - 244 - 2122 = b. Calculate the greatest common divisor of 26 and j.
26
Let b be (-180)/27*9/(-5). Suppose -17*y + 132 = -16*y. Calculate the highest common divisor of b and y.
12
Suppose -4*s - 5*l + 10*l = -2, -5*l = 4*s + 18. Let z be ((-26)/8 - s)*-4. Let n be 5/(-3)*(-156)/13. What is the highest common factor of z and n?
5
Let m be 62226/72 + 2/(-8). Calculate the highest common divisor of 270 and m.
54
Suppose -12 = -0*s - 4*s. Let c be s/4 + (-153)/(-68). Suppose 176 = 5*h - c*o, -5*h + 90 = -o - 82. Calculate the greatest common divisor of h and 17.
17
Suppose -5*q - 4*f = -9*f + 440, -f = 2*q + 179. Let p = -61 - q. Calculate the highest common divisor of 16 and p.
4
Let p be 12*(4 - 1)*(-53)/(-159). What is the highest common divisor of 546 and p?
6
Suppose 41*n - 57*n = -432. What is the highest common divisor of 2016 and n?
9
Suppose -4*n = -2*d - 6, -d + 1 + 4 = 0. Suppose -70 = -n*g - g. Let v be 14 - (36 - (-9 + 17))/(4*-1). What is the highest common factor of v and g?
7
Let q be (-176)/44 - 0 - (-1*943 + -1). Let j(z) = 2*z**2 + 7*z + 5. Let w be j(-5). Calculate the highest common factor of q and w.
20
Let j(q) = -45*q**2 - 94*q - 7. Let g be j(-2). Let s(i) = -i**3 - i**2 + 4*i - 5. Let p be s(-4). Calculate the highest common divisor of g and p.
1
Suppose -v - 210 = -u - 72, -5*u - 4*v = -735. Let n be 8021/2468*8*1. Calculate the highest common divisor of n and u.
13
Suppose 89 = 5*m + c, -2*m + 26*c - 27*c + 35 = 0. What is the greatest common divisor of 288 and m?
18
Let o = -7911 - -7959. What is the greatest common factor of 876 and o?
12
Suppose -9 = 12*s - 45. Let w be ((-680)/(-12))/(2/s). What is the highest common factor of 51 and w?
17
Suppose 4*y - 5*y + 2*s = 21, 0 = -5*s + 15. Let b be 4/(-10) + (-681)/y. Calculate the greatest common divisor of b and 15.
15
Let h(t) = -200*t - 1590. Let i be h(-10). What is the greatest common divisor of i and 270?
10
Suppose 3*y = 5*q - 485, -205 = -2*q - 6*y + 5*y. What is the highest common divisor of 325 and q?
25
Suppose 0 = -5*z + k + 6976 + 2288, 0 = 5*z - 5*k - 9240. What is the highest common factor of z and 162?
18
Let r = -2 + -4. Let s = r + 13. Suppose s*k + 4 = 3*k, -k = -3*z + 85. What is the highest common factor of 4 and z?
4
Let s be 9 + 81/63 + (-4)/14. Let j be (4/s + 0)*30. Let o = 43 - 25. Calculate the greatest common factor of o and j.
6
Let h(q) = 7*q + 18*q - 197 + 13 + 11*q. Let r be h(6). Calculate the greatest common factor of 64 and r.
32
Let j(m) = m**3 + 8*m**2 + 16*m + 32. Let z be j(-6). Suppose h - 353 = -2*k, -z*k + 502 = -5*k - 4*h. What is the highest common divisor of k and 18?
6
Let m be (-8)/(-6)*(-6)/4. Let y be m/8 + (-1409)/(-4). Suppose 170*t - 173*t + 4*d + 64 = 0, 2*t - 96 = -4*d. Calculate the greatest common divisor of t and y.
32
Let j = -10 + 34. Suppose -u - j = 2*g - 91, 0 = -4*g + 4*u + 152. Let c = 226 + -121. Calculate the greatest common divisor of g and c.
35
Let k be (-4)/((10 + -6)/(-2)) + 450. Let w = -425 + k. Suppose 2*o + 99 = 315. Calculate the greatest common divisor of o and w.
27
Suppose -4*a + 2*h = -346, -5*h = -a - 3*h + 94. Let n be (28/(-10))/((4/5)/2). Let g be (-87)/n + (-48)/14 + 3. Calculate the highest common factor of g and a.
12
Let d(w) = 13*w + 279. Let m be d(-21). Let v be (m - 5)/(6/378). Calculate the greatest common factor of 84 and v.
21
Let q = 7086 - 6831. Let z = 50 + -35. Calculate the highest common factor of z and q.
15
Suppose 429*i + 90*i - 3084480 = 111*i. What is the greatest common divisor of i and 288?
72
Let n be (-4)/10 + (-2118)/30. Suppose 2*u - 37 = -0*s + s, 4*s + 181 = -3*u. Let f = s - n. What is the highest common factor of f and 14?
14
Suppose 10*j = -517 + 3267. Let g be 16830/j*(-10)/(-4). What is the highest common factor of 3 and g?
3
Let m = 6538 - 6525. Calculate the greatest common divisor of m and 3107.
13
Let w be 4 + 4*(-1)/(-2). Suppose -w = h - 3, x = 3*h + 77. Let g(a) = -a**3 + 36*a**2 + 1539. Let m be g(37). Calculate the highest common divisor of m and x.
34
Let n = 336 + 590. Let h = 1326 - n. Calculate the greatest common factor of 50 and h.
50
Let k(t) = -3*t + 10. Let m be k(9). Let b(q) = -2*q - 24. Let s be b(m). Suppose s = 4*p - 26. What is the highest common divisor of 72 and p?
9
Suppose 0 = -k + 12 + 3. Suppose 15*d + 30*d = 2025. What is the greatest common factor of k and d?
15
Let o(d) = -1477*d - 4369. Let i be o(-3). Calculate the greatest common factor of i and 4.
2
Suppose 30 = t + 4*f - 9*f, -69 = -5*t - 2*f. Let l(o) = 8*o - 9. Let j be l(3). Suppose 9*d - j = 12. Calculate the highest common divisor of t and d.
3
Let q be 143/3 + -1 - (-2)/6. Suppose -46*m - 76 = -q*m. What is the highest common factor of m and 38?
38
Suppose 10*v = -67 - 903. Let b = 142 + v. Suppose 5*w - 21 = 4, -4*u + b = -3*w. What is the highest common factor of 10 and u?
5
Let s = 97467 + -67767. What is the greatest common factor of 44 and s?
44
Suppose -700 = -5*r + 2*o, 132 = r - 0*o - 2*o. Let v = 172 - r. Calculate the highest common factor of 50 and v.
10
Let s = -311 + 378. Let c = s + -13. Calculate the highest common factor of c and 702.
54
Suppose 0 = 2*n + 4*s - 1494, -5*n + 3*s = 528 - 4224. Calculate the highest common divisor of n and 273.
39
Suppose 16*v - 20*v - 4*n + 168 = 0, -49 = -v - 2*n. Suppose -7*d + 8683 + 382 = 0. What is the highest common divisor of d and v?
35
Suppose 3*c + 955 = 5*r, 4*r = 5*c + 74 + 703. Calculate the highest common divisor of r and 2021.
47
Let p(o) = 7*o + 68. Let y be p(0). Suppose 0 = -100*g + 98*g + y. What is the highest common divisor of 68 and g?
34
Suppose d + x - 2854 - 2057 = 0, -d = -x - 4913. Calculate the greatest common factor of 16 and d.
16
Suppose -26*n - 5208 = -36*n - 74*n. Let h(a) = 3*a**2 - 1. Let k be h(-1). Calculate the highest common factor of k and n.
2
Let b be -2*-3*(-6)/(